 is -20 + 1d?
-1
In base 12, what is 5 + -2b?
-26
In base 6, what is -3 + 1030?
1023
In base 16, what is 177a + -5?
1775
In base 7, what is -5 + 201?
163
In base 14, what is -b - 18?
-25
In base 15, what is a + -111?
-106
In base 6, what is -121 - -12?
-105
In base 3, what is 100100 + -22?
100001
In base 2, what is -100 + -1101110100?
-1101111000
In base 13, what is 289 + -5?
284
In base 4, what is -3312 + -2?
-3320
In base 12, what is -2 - aa?
-b0
In base 3, what is 2010 - -10?
2020
In base 2, what is 11 - 101111?
-101100
In base 15, what is -2 + -11?
-13
In base 8, what is 11 + 5?
16
In base 10, what is 133 + 10?
143
In base 8, what is -17 + 27?
10
In base 3, what is 21101020 - -12?
21101102
In base 4, what is 22320 - 2?
22312
In base 12, what is 138 - -2?
13a
In base 14, what is -1 + -5?
-6
In base 8, what is 61 + -1?
60
In base 8, what is -1 - -317?
316
In base 2, what is 11 + 1110?
10001
In base 4, what is -1 - 11223?
-11230
In base 7, what is 2106 + -3?
2103
In base 8, what is 1054 + 2?
1056
In base 16, what is 21 - 0?
21
In base 4, what is 12 + 1213?
1231
In base 11, what is 1437 - 12?
1425
In base 9, what is -13 + 33?
20
In base 13, what is 54 + 3?
57
In base 12, what is -5 - -6?
1
In base 3, what is 21000 + 12?
21012
In base 3, what is 11 + -2010122?
-2010111
In base 10, what is -94 + 1?
-93
In base 3, what is 0 - 12020?
-12020
In base 13, what is b85 - -4?
b89
In base 13, what is -c + -4b7?
-4c6
In base 10, what is 24 + -30?
-6
In base 14, what is -746 - 4?
-74a
In base 5, what is -4 - 1334?
-1343
In base 9, what is 522 - 7?
514
In base 15, what is 1 - 903?
-902
In base 10, what is -7 + 9?
2
In base 16, what is 1 + 339?
33a
In base 8, what is -5350 - -2?
-5346
In base 3, what is -100102 - -10?
-100022
In base 6, what is -45000 - -5?
-44551
In base 8, what is 5 - -11711?
11716
In base 16, what is 74 - -e?
82
In base 4, what is -10 + -1331?
-2001
In base 10, what is -4 - 971?
-975
In base 12, what is -4 + -10a?
-112
In base 12, what is 16 + -4b3?
-499
In base 4, what is 21 + -3201?
-3120
In base 12, what is a + -9?
1
In base 16, what is -5 + -8f6?
-8fb
In base 4, what is 11211 - -2?
11213
In base 14, what is 2 + 253?
255
In base 15, what is 4 + -2a1?
-29c
In base 16, what is 3 - -38?
3b
In base 5, what is -10 + -424?
-434
In base 9, what is 2 - 43?
-41
In base 16, what is 2c + 1?
2d
In base 14, what is 1 - 757?
-756
In base 5, what is 33 - 31?
2
In base 9, what is 4 + -6?
-2
In base 11, what is 54 + 27?
80
In base 15, what is 2 - 10b?
-109
In base 13, what is 12 - 32?
-20
In base 6, what is -4 + -25034?
-25042
In base 14, what is -4 - -85?
81
In base 10, what is 1 - 962?
-961
In base 3, what is 12 + 112202?
112221
In base 12, what is 2 + -626?
-624
In base 6, what is -3 + -1034?
-1041
In base 2, what is 10000100111 + 101?
10000101100
In base 13, what is -575 + 4?
-571
In base 12, what is 50 + -3?
49
In base 16, what is 2e3 - 8?
2db
In base 15, what is -e39 + 5?
-e34
In base 15, what is -1a9 + -3?
-1ac
In base 5, what is -2 - 3124?
-3131
In base 14, what is a3 + 0?
a3
In base 3, what is 21012 + -2?
21010
In base 8, what is -65 + 2?
-63
In base 15, what is -137b - 5?
-1381
In base 11, what is -18 + -29?
-46
In base 3, what is 20022111 + -10?
20022101
In base 11, what is 5 + 139a?
13a4
In base 15, what is 14 - -12?
26
In base 9, what is -1116 + -4?
-1121
In base 15, what is -2 - 6e3?
-6e5
In base 11, what is 4 - 181?
-178
In base 14, what is -6 - 8?
-10
In base 7, what is 0 - -51?
51
In base 16, what is b0 + -6?
aa
In base 8, what is 2 - 61?
-57
In base 3, what is -1 + -1000111?
-1000112
In base 7, what is -14 - -1665?
1651
In base 10, what is -4 - 38?
-42
In base 7, what is 125 + 5?
133
In base 15, what is -11a + 1?
-119
In base 12, what is -32 + -11?
-43
In base 11, what is 145 + 1?
146
In base 7, what is 13 - -460?
503
In base 12, what is 73 + 89?
140
In base 5, what is -12022 - -10?
-12012
In base 5, what is 41300 + -2?
41243
In base 12, what is 85b + -3?
858
In base 11, what is -6 - -20?
15
In base 6, what is 4514 + -2?
4512
In base 10, what is -3174 + -5?
-3179
In base 9, what is -5 - -3237?
3232
In base 2, what is 11 + 101011?
101110
In base 4, what is -33120 + 3?
-33111
In base 12, what is 38 + 216?
252
In base 4, what is 2 - 220?
-212
In base 6, what is 4 - -304?
312
In base 2, what is 10000 + 100100000?
100110000
In base 12, what is 1b1 - -1?
1b2
In base 11, what is -4 - 412?
-416
In base 6, what is -2223 + -3?
-2230
In base 3, what is 1 - -10112?
10120
In base 4, what is 1221 + 11?
1232
In base 8, what is 3004 - 4?
3000
In base 2, what is -1101001000 + -100?
-1101001100
In base 12, what is -4 + -52?
-56
In base 5, what is 2230 - 214?
2011
In base 6, what is 320 + -31?
245
In base 16, what is -3 - 165?
-168
In base 9, what is -17 + -23?
-41
In base 14, what is 5 - -43?
48
In base 7, what is -2 - 11032?
-11034
In base 10, what is -25 + -5?
-30
In base 9, what is -32 + -410?
-442
In base 12, what is -1 + 38?
37
In base 12, what is -2 - -4a?
48
In base 3, what is 11 - -10020?
10101
In base 3, what is -2012 + -10120?
-12202
In base 8, what is 416 + 31?
447
In base 13, what is 5 - -391?
396
In base 9, what is -71 - 38?
-120
In base 16, what is 3 + -1b6?
-1b3
In base 15, what is ab - -5?
b1
In base 7, what is 1263 - 2?
1261
In base 9, what is 4 + 1278?
1283
In base 7, what is 15 - -210?
225
In base 3, what is -2 + -11110?
-11112
In base 3, what is -1001 + 210?
-21
In base 11, what is -3 + -22?
-25
In base 14, what is 3d - 1b?
22
In base 8, what is 5 + 1?
6
In base 12, what is 17 - -a?
25
In base 8, what is 3 + 6?
11
In base 4, what is 12112232 + 2?
12112300
In base 6, what is 152 - -3?
155
In base 16, what is 341 - -8?
349
In base 9, what is -10 + 510?
500
In base 11, what is -250 - 4?
-254
In base 11, what is -11 - -159?
148
In base 8, what is 322 - 3?
317
In base 2, what is -10100010110 + 1?
-10100010101
In base 12, what is 12 - -3?
15
In base 3, what is -12 + 2200?
2111
In base 6, what is -1022 + 5?
-1013
In base 9, what is 4 - 210?
-205
In base 12, what is b45 - 4?
b41
In base 13, what is -6 + 2bb?
2b5
In base 3, what is -20 + -10022?
-10112
In base 16, what is -5f31 - -5?
-5f2c
In base 5, what is -4113 - 2?
-4120
In base 3, what is -2202210 - -12?
-2202121
In base 4, what is -1110 + 11?
-1033
In base 13, what is -7c + -7?
-86
In base 4, what is -201233 + 1?
-201232
In base 7, what is 1130 - -3?
1133
In base 10, what is -105 + -2?
-107
In base 3, what is -1 - -1002112?
1002111
In base 5, what is -3003 + 2?
-3001
In base 3, what is -20100 - 0?
-20100
In base 8, what is -3 + 2?
-1
In base 12, what is -18 + -46?
-62
In base 16, what is 3 - -29?
2c
In base 12, what is -21 - -84?
63
In base 9, what is 1 + 67?
68
In base 2, what is 1101101 + -1000?
1100101
In base 14, what is -12d - -4?
-129
In base 10, what is -4 - -111?
107
In base 14, what is 29 - 7c?
-53
In base 10, what is 30 + 1?
31
In base 15, what is -17 + -12d?
-145
In base 10, what is -184 + -15?
-199
In base 8, what is 54 + -767?
-713
In base 2, what is 1110110001 - -100?
1110110101
In base 6, what is 4 + 1341?
1345
In base 6, what is -2 - -105?
103
In base 15, what is 22c - 1?
22b
In base 11, what is -1 - -641?
640
In base 12, what is -11 + -16a?
-17b
In base 8, what is 4 - 246?
-242
In base 16, what is d + -4?
9
In base 9, what is -7342 + 0?
-7342
In base 15, what is -5 + -17?
-1c
In base 13, what is -11 + -34?
-45
In base 16, what is 5f + -e?
51
In base 12, what is -6989 - 5?
-6992
In base 7, what is -2251 - 2?
-2253
In base 10, what is -1 + -26?
-27
In base 15, what is 164d - 1?
164c
In base 11, what is -42a - -23?
-407
In base 11, what is -1 + -65?
-66
In base 2, what is -101 + 1100?
111
In base 12, what is 55 + 3?
58
In base 4, what is -133 + -30?
-223
In base 11, what is -2a7 - -5?
-2a2
In base 2, what is 1100101 + -11?
1100010
In base 2, what is 101 - -111010?
111111
In base 15, what is -1250 - -7?
-1248
In base 9, what is -346 + -5?
-352
In base 10, what is -11 + 18?
7
In base 11, what is -191 + 3?
-189
In base 16, what is -2d - -4?
-29
In base 14, what is -d6b + -4?
-d71
In base 8, what is 270 + 7?
277
In base 12, what is 13 + 3?
16
In base 7, what is 333 - -3?
336
In base 11, what is 3a0 - 6?
395
In base 5, what is -324 - 42?
-421
In base 6, what is 2 + -204?
